10, what is 3 - -44795140?
44795143
In base 13, what is 1199 - cc?
109a
In base 11, what is -a + 46a457?
46a448
In base 14, what is 70ca - -212?
72dc
In base 11, what is 33a91a + 10?
33a92a
In base 12, what is -31997 - -9a?
-318b9
In base 14, what is -1 + -c8810a?
-c8810b
In base 3, what is 12 - 1002011221120112?
-1002011221120100
In base 14, what is 2 - -20d818?
20d81a
In base 7, what is -10665653 + -6?
-10665662
In base 11, what is -27a - -366a4?
36425
In base 3, what is 0 + 11011211012210021?
11011211012210021
In base 10, what is 25247289 + 19?
25247308
In base 14, what is 9a98 - 272?
9826
In base 3, what is 11222202202 + -201110?
11222001022
In base 10, what is 1500307 + 34?
1500341
In base 10, what is 152726289 - -3?
152726292
In base 6, what is 5542115430 + 0?
5542115430
In base 2, what is 101 - -10101011100101101001111?
10101011100101101010100
In base 11, what is 1 + -4989049?
-4989048
In base 16, what is -361 + 6ae96?
6ab35
In base 3, what is -100 - -10001121211000?
10001121210200
In base 15, what is 3587ad2 - 7?
3587aca
In base 15, what is -4 - 2dbdc6?
-2dbdca
In base 9, what is 25 - -756817?
756843
In base 2, what is -100010011010011010 - -10101011?
-100010010111101111
In base 11, what is 1331791 + -41?
1331750
In base 7, what is -26133 + -25151?
-54314
In base 9, what is -2056 - -3728?
1662
In base 7, what is 551 + -453005?
-452124
In base 15, what is -1e - c8635?
-c8654
In base 11, what is 37751a4 + 3?
37751a7
In base 11, what is -3a7608a - -2?
-3a76088
In base 10, what is -85139516 + 1?
-85139515
In base 6, what is 51 + 5314144?
5314235
In base 12, what is b30a2 + -7?
b3097
In base 14, what is -32d + 42a62a?
42a2db
In base 15, what is -3c474d + 209?
-3c4544
In base 2, what is 1110011111110100110 - 10101001?
1110011111011111101
In base 9, what is 46778 + -4585?
42183
In base 10, what is -18136956 + -3?
-18136959
In base 4, what is 223 - 21032300?
-21032011
In base 2, what is 1001101011011 - -10011111110110?
11101101010001
In base 11, what is -1836361 + -30?
-1836391
In base 5, what is 2 - 2320022413?
-2320022411
In base 11, what is 42a7 + 1538a?
19686
In base 5, what is 1 - 3104024110?
-3104024104
In base 2, what is 111101000000001 - 100100111101011?
11000000010110
In base 14, what is 2a8 + 10058?
10322
In base 9, what is 233018 + 1886?
235015
In base 2, what is -1011111010110101 + 10010101?
-1011111000100000
In base 13, what is 3 - 199ba14?
-199ba11
In base 3, what is -1001110001012202 + 10?
-1001110001012122
In base 15, what is -4 + -1e34858?
-1e3485c
In base 16, what is -8 - 28e887?
-28e88f
In base 16, what is -46affe - 2?
-46b000
In base 3, what is 10011112202201 - 211?
10011112201220
In base 12, what is 4 - 1120405?
-1120401
In base 9, what is 81 + -43824?
-43733
In base 13, what is -35a9330 + 13?
-35a931a
In base 13, what is 178 + 1c1b6?
1c361
In base 15, what is -2 + 100c630?
100c62d
In base 15, what is -ce17a - -183?
-cdee7
In base 5, what is -442 - -2032000?
2031003
In base 4, what is -10 - 10313232023131?
-10313232023201
In base 2, what is -110111110001111001 + -10011110?
-110111110100010111
In base 16, what is -f9 + -9e3af?
-9e4a8
In base 11, what is -a5174612 - -2?
-a5174610
In base 9, what is -2852661058 + -4?
-2852661063
In base 8, what is 217761 + 323?
220304
In base 11, what is 2632056 - -15?
2632070
In base 15, what is -64432 - 281?
-646b3
In base 10, what is 15302986 + -4?
15302982
In base 9, what is 1 + -144715063?
-144715062
In base 9, what is -373260 - -4470?
-367680
In base 2, what is -11101010011010101000 + -1010010?
-11101010011011111010
In base 7, what is -466005162 - -2?
-466005160
In base 2, what is 10100 - -11001111100100100?
11001111100111000
In base 16, what is 2d55 + -20c7?
c8e
In base 4, what is 112 + -32003001033?
-32003000321
In base 3, what is 110002022 + -11222202?
21002120
In base 12, what is 2a951 - 46b?
2a4a2
In base 6, what is -102522 - 50?
-103012
In base 7, what is 10320 - -535526?
546146
In base 13, what is 131c93 + -188?
131b08
In base 9, what is -762 - -3304376?
3303514
In base 9, what is 6257 + -25124?
-17756
In base 6, what is -13 - -123015115?
123015102
In base 5, what is -4 + -131311400?
-131311404
In base 6, what is 5 + -101220440505?
-101220440500
In base 10, what is 1 + 42484263?
42484264
In base 10, what is 57 + -156249?
-156192
In base 8, what is 0 + 324022313?
324022313
In base 9, what is -41240 - 778?
-42128
In base 7, what is 3 - 10546103?
-10546100
In base 12, what is -2 + -21b4306?
-21b4308
In base 11, what is -a090 + -2530?
-11610
In base 16, what is 2c3 - -f46?
1209
In base 8, what is -4721 - 12054?
-16775
In base 11, what is 52878659 + 4?
52878662
In base 7, what is 203056 - -534?
203623
In base 15, what is 707c - -4a?
70c7
In base 16, what is 4a7 + 505c?
5503
In base 3, what is 10010110111122002 - 12?
10010110111121220
In base 12, what is -4 + -28767077?
-2876707b
In base 9, what is -5 + 15653863?
15653857
In base 6, what is 12 + -405524141?
-405524125
In base 5, what is 234220334304 + 4?
234220334313
In base 14, what is -1dd + 5449?
524a
In base 6, what is 3134311 + 43?
3134354
In base 3, what is -11221021221020 - 201101?
-11221022122121
In base 10, what is 1 - -5425388?
5425389
In base 9, what is -14160286 + -26?
-14160323
In base 12, what is -4 - 208069a?
-20806a2
In base 9, what is 288 + 687168?
687467
In base 14, what is 340c82d8 - -1?
340c82d9
In base 5, what is 1221 - 211212?
-204441
In base 10, what is -205707889 + -5?
-205707894
In base 11, what is -7280342 - 0?
-7280342
In base 14, what is 3 + 486b2b?
486b30
In base 13, what is 17270 + -1966?
15607
In base 7, what is 5166465124 - 2?
5166465122
In base 4, what is 310131131 + -3203?
310121322
In base 4, what is -2 + 1120310202320?
1120310202312
In base 14, what is 8ab77d - -5?
8ab784
In base 16, what is -40 - 4070?
-40b0
In base 2, what is -101010101010 - -1100100110?
-11110000100
In base 7, what is 16 - -460103?
460122
In base 11, what is 5794 - -61201?
66995
In base 5, what is -23 - 20010030333?
-20010030411
In base 4, what is -3023332013 + -23?
-3023332102
In base 8, what is 105 + -242304?
-242177
In base 13, what is -93 + -1c8521?
-1c85b4
In base 2, what is -100100011010011111100111 + 100?
-100100011010011111100011
In base 3, what is -211201101110210210 - 0?
-211201101110210210
In base 16, what is 1b2ccc3 + -1?
1b2ccc2
In base 5, what is -122 - -43011212?
43011040
In base 5, what is 200 - 21030242?
-21030042
In base 13, what is 394a8 + -1c95?
37513
In base 4, what is -1001130330 + -11?
-1001131001
In base 3, what is -1 + -100002122102?
-100002122110
In base 11, what is 17913276 + 1?
17913277
In base 9, what is 38251 - -4233?
43484
In base 5, what is -1143043 + 3214?
-1134324
In base 8, what is -632236555 - -4?
-632236551
In base 3, what is 101200022101000 - -1?
101200022101001
In base 7, what is -1461545546 + 4?
-1461545542
In base 10, what is -3 - -6230924?
6230921
In base 15, what is 16bb + 285?
1951
In base 7, what is -11140 - 6231?
-20401
In base 10, what is 215211 - -23?
215234
In base 3, what is 110210202101 + 1200?
110210211001
In base 9, what is 23 - -4588853?
4588876
In base 8, what is 0 + 2235527646?
2235527646
In base 14, what is -c6 - -740c?
7326
In base 4, what is 1033200213 - 11?
1033200202
In base 7, what is 13211665 + -1?
13211664
In base 15, what is e9a4204 + -1?
e9a4203
In base 6, what is 13211050 - -31?
13211121
In base 14, what is 9865442 - -4?
9865446
In base 7, what is 1542 + -1606435?
-1604563
In base 13, what is -4 + a823681?
a82367a
In base 15, what is 8c547d - -118?
8c5596
In base 15, what is 17350 + -27e5?
14a5a
In base 10, what is 488276 + 58?
488334
In base 6, what is 100 - -153440?
153540
In base 10, what is 44750 - -489?
45239
In base 14, what is 1c7231 + cd?
1c7320
In base 3, what is 211 - -1221121211?
1221122122
In base 15, what is 55d9 - 246?
5393
In base 15, what is 8206 - 1583?
6b73
In base 16, what is 4 - 2fd6a9?
-2fd6a5
In base 7, what is 35164 + -1403?
33461
In base 13, what is -4c86c9 + -3b?
-4c8737
In base 2, what is -1001000101101110111 - -1101010111?
-1001000100000100000
In base 10, what is 922654 - 3?
922651
In base 14, what is 2 - 9929bd0?
-9929bcc
In base 10, what is 18 + 2401063?
2401081
In base 7, what is 60243 + 10005?
100251
In base 9, what is 76677 - 47